{"id":17,"date":"2025-08-07T22:44:40","date_gmt":"2025-08-07T20:44:40","guid":{"rendered":"https:\/\/www.mustard-seed-faith.de\/wordpress\/?page_id=17"},"modified":"2026-04-17T16:09:32","modified_gmt":"2026-04-17T14:09:32","slug":"der-chor","status":"publish","type":"page","link":"https:\/\/www.mustard-seed-faith.de\/wordpress\/der-chor\/","title":{"rendered":"Der Chor"},"content":{"rendered":"\n<div style=\"height:45px\" aria-hidden=\"true\" class=\"wp-block-spacer\"><\/div>\n\n\n\n<h1 class=\"wp-block-heading\">Der Chor<\/h1>\n\n\n\n<figure class=\"wp-block-image alignwide size-large\"><img fetchpriority=\"high\" decoding=\"async\" width=\"1024\" height=\"320\" src=\"https:\/\/www.mustard-seed-faith.de\/wordpress\/wp-content\/uploads\/2025\/09\/Titel_Startseite_web-1024x320.jpg\" alt=\"\" class=\"wp-image-150\" srcset=\"https:\/\/www.mustard-seed-faith.de\/wordpress\/wp-content\/uploads\/2025\/09\/Titel_Startseite_web-1024x320.jpg 1024w, https:\/\/www.mustard-seed-faith.de\/wordpress\/wp-content\/uploads\/2025\/09\/Titel_Startseite_web-300x94.jpg 300w, https:\/\/www.mustard-seed-faith.de\/wordpress\/wp-content\/uploads\/2025\/09\/Titel_Startseite_web-768x240.jpg 768w, https:\/\/www.mustard-seed-faith.de\/wordpress\/wp-content\/uploads\/2025\/09\/Titel_Startseite_web-1536x480.jpg 1536w, https:\/\/www.mustard-seed-faith.de\/wordpress\/wp-content\/uploads\/2025\/09\/Titel_Startseite_web-2048x640.jpg 2048w\" sizes=\"(max-width: 1024px) 100vw, 1024px\" \/><\/figure>\n\n\n\n<div style=\"height:45px\" aria-hidden=\"true\" class=\"wp-block-spacer\"><\/div>\n\n\n\n<figure class=\"wp-block-image aligncenter size-large\"><img decoding=\"async\" width=\"1024\" height=\"675\" src=\"https:\/\/www.mustard-seed-faith.de\/wordpress\/wp-content\/uploads\/2025\/09\/MSF_Logo_Bedeutung-1024x675.png\" alt=\"\" class=\"wp-image-148\" srcset=\"https:\/\/www.mustard-seed-faith.de\/wordpress\/wp-content\/uploads\/2025\/09\/MSF_Logo_Bedeutung-1024x675.png 1024w, https:\/\/www.mustard-seed-faith.de\/wordpress\/wp-content\/uploads\/2025\/09\/MSF_Logo_Bedeutung-300x198.png 300w, https:\/\/www.mustard-seed-faith.de\/wordpress\/wp-content\/uploads\/2025\/09\/MSF_Logo_Bedeutung-768x507.png 768w, https:\/\/www.mustard-seed-faith.de\/wordpress\/wp-content\/uploads\/2025\/09\/MSF_Logo_Bedeutung.png 1134w\" sizes=\"(max-width: 1024px) 100vw, 1024px\" \/><\/figure>\n\n\n\n<p><\/p>\n\n\n\n<p><strong>Was bedeutet unser Name &#8222;Mustard Seed Faith&#8220;?<\/strong><br>Der Ausdruck &#8218;Glaube so gro\u00df wie ein Senfkorn&#8216; stammt aus der Bibel (Matth\u00e4us 17,20; Markus 4,30-32; Lukas 17,6). Jesus vergleicht den Glauben mit der Gr\u00f6\u00dfe eines Senfkorns \u2013 damals als kleinster Samen bekannt \u2013 um zu zeigen, dass bereits minimaler Glaube Gro\u00dfes bewirken kann. <br>Der Kern der Botschaft besteht darin; es geht nicht um Quantit\u00e4t, sondern um Qualit\u00e4t und Vertrauen in Gottes Wirken.<\/p>\n\n\n\n<hr class=\"wp-block-separator has-alpha-channel-opacity is-style-wide\"\/>\n\n\n\n<div class=\"wp-block-media-text is-stacked-on-mobile\"><figure class=\"wp-block-media-text__media\"><img decoding=\"async\" src=\"https:\/\/www.mustard-seed-faith.de\/images\/GottIst-2008-2-w400.jpg\" alt=\"\"\/><\/figure><div class=\"wp-block-media-text__content\">\n<p>Mustard Seed Faith gibt es seit 2004, als <strong>Karsten Sievert<\/strong> eine kleine Schar Gospelbegeisterter um sich sammelte und die &#8222;Seeds&#8220; ins Leben rief. Seitdem bl\u00fcht und gedeiht die vierstimmige Chorgemeinschaft, sie probt jeden Donnerstag in der Genezareth-Kirche an der Vaalser Stra\u00dfe, steht h\u00e4ufig auf der B\u00fchne und reist einmal im Jahr nach Xanten zum ber\u00fchmt-ber\u00fcchtigten Chorwochenende.<\/p>\n\n\n\n<p>Anfang 2017 hat der Profimusiker <strong>Matts Johan Leenders<\/strong> aus D\u00fcsseldorf die Chorleitung \u00fcbernommen und begleitet die S\u00e4ngerinnen und S\u00e4nger mit gro\u00dfem Engagement und Fachwissen auf ihrem Weg durch das Gospeluniversum.<\/p>\n<\/div><\/div>\n\n\n\n<div style=\"height:45px\" aria-hidden=\"true\" class=\"wp-block-spacer\"><\/div>\n\n\n\n<div class=\"wp-block-media-text has-media-on-the-right is-stacked-on-mobile\"><div class=\"wp-block-media-text__content\">\n<p>Das<strong> <a href=\"https:\/\/www.mustard-seed-faith.de\/gospel\/Repertoire\">Repertoire<\/a><\/strong> setzt sich aus modernen, US-amerikanischen Black Gospel-St\u00fccken zusammen. Die Gospelmusik hat in den USA bis heute starken Einfluss auf den Pop &#8211; und umgekehrt. Und so spannen die St\u00fccke stilistisch einen weiten Bogen, von traditionsbewussten Arrangements bis zu sehr modernen Rhythmen und Harmonien.<\/p>\n\n\n\n<p>Viele der St\u00fccke sind von enormer Tiefe, sie ber\u00fchren in ihrer wuchtigen Kraft und Emotionalit\u00e4t die Seele. Chor und Chorleitung arbeiten st\u00e4ndig daran, diese Intensit\u00e4t zu erkunden und f\u00fcr die Zuh\u00f6rer erfahrbar zu machen.<\/p>\n<\/div><figure class=\"wp-block-media-text__media\"><img decoding=\"async\" src=\"https:\/\/www.mustard-seed-faith.de\/images\/GottIst-2008-1-w300.jpg\" alt=\"\"\/><\/figure><\/div>\n\n\n\n<p>In der <strong>Probenarbeit <\/strong>wird das (musikalische) Ged\u00e4chtnis geschult, indem ausschlie\u00dflich mit Textbl\u00e4ttern gearbeitet wird &#8211; auf der B\u00fchne singen die Chormitglieder dann frei und mit offenem Blick zum Publikum.<\/p>\n\n\n\n<p>Stimmbildung und Chorklang nehmen w\u00e4hrend der Proben einen gro\u00dfen Raum ein. Seit einigen Jahren arbeitet Mustard Seed Faith mit CVT, der <strong>Complete Vocal Technique<\/strong>, die ein tieferes Verst\u00e4ndnis f\u00fcr den Klang erm\u00f6glicht und die Kommunikation vereinfacht.<\/p>\n\n\n\n<hr class=\"wp-block-separator has-alpha-channel-opacity is-style-wide\"\/>\n\n\n\n<p><\/p>\n","protected":false},"excerpt":{"rendered":"<p>Der Chor Was bedeutet unser Name &#8222;Mustard Seed Faith&#8220;?Der Ausdruck &#8218;Glaube so gro\u00df wie ein Senfkorn&#8216; stammt aus der Bibel [&hellip;]<\/p>\n","protected":false},"author":1,"featured_media":0,"parent":0,"menu_order":0,"comment_status":"closed","ping_status":"closed","template":"","meta":{"site-sidebar-layout":"default","site-content-layout":"","ast-site-content-layout":"default","site-content-style":"default","site-sidebar-style":"default","ast-global-header-display":"","ast-banner-title-visibility":"","ast-main-header-display":"","ast-hfb-above-header-display":"","ast-hfb-below-header-display":"","ast-hfb-mobile-header-display":"","site-post-title":"disabled","ast-breadcrumbs-content":"","ast-featured-img":"","footer-sml-layout":"","theme-transparent-header-meta":"","adv-header-id-meta":"","stick-header-meta":"","header-above-stick-meta":"","header-main-stick-meta":"","header-below-stick-meta":"","astra-migrate-meta-layouts":"default","ast-page-background-enabled":"default","ast-page-background-meta":{"desktop":{"background-color":"var(--ast-global-color-5)","background-image":"","background-repeat":"repeat","background-position":"center center","background-size":"auto","background-attachment":"scroll","background-type":"","background-media":"","overlay-type":"","overlay-color":"","overlay-opacity":"","overlay-gradient":""},"tablet":{"background-color":"","background-image":"","background-repeat":"repeat","background-position":"center center","background-size":"auto","background-attachment":"scroll","background-type":"","background-media":"","overlay-type":"","overlay-color":"","overlay-opacity":"","overlay-gradient":""},"mobile":{"background-color":"","background-image":"","background-repeat":"repeat","background-position":"center center","background-size":"auto","background-attachment":"scroll","background-type":"","background-media":"","overlay-type":"","overlay-color":"","overlay-opacity":"","overlay-gradient":""}},"ast-content-background-meta":{"desktop":{"background-color":"var(--ast-global-color-4)","background-image":"","background-repeat":"repeat","background-position":"center center","background-size":"auto","background-attachment":"scroll","background-type":"","background-media":"","overlay-type":"","overlay-color":"","overlay-opacity":"","overlay-gradient":""},"tablet":{"background-color":"var(--ast-global-color-4)","background-image":"","background-repeat":"repeat","background-position":"center center","background-size":"auto","background-attachment":"scroll","background-type":"","background-media":"","overlay-type":"","overlay-color":"","overlay-opacity":"","overlay-gradient":""},"mobile":{"background-color":"var(--ast-global-color-4)","background-image":"","background-repeat":"repeat","background-position":"center center","background-size":"auto","background-attachment":"scroll","background-type":"","background-media":"","overlay-type":"","overlay-color":"","overlay-opacity":"","overlay-gradient":""}},"footnotes":""},"class_list":["post-17","page","type-page","status-publish","hentry"],"_links":{"self":[{"href":"https:\/\/www.mustard-seed-faith.de\/wordpress\/wp-json\/wp\/v2\/pages\/17","targetHints":{"allow":["GET"]}}],"collection":[{"href":"https:\/\/www.mustard-seed-faith.de\/wordpress\/wp-json\/wp\/v2\/pages"}],"about":[{"href":"https:\/\/www.mustard-seed-faith.de\/wordpress\/wp-json\/wp\/v2\/types\/page"}],"author":[{"embeddable":true,"href":"https:\/\/www.mustard-seed-faith.de\/wordpress\/wp-json\/wp\/v2\/users\/1"}],"replies":[{"embeddable":true,"href":"https:\/\/www.mustard-seed-faith.de\/wordpress\/wp-json\/wp\/v2\/comments?post=17"}],"version-history":[{"count":15,"href":"https:\/\/www.mustard-seed-faith.de\/wordpress\/wp-json\/wp\/v2\/pages\/17\/revisions"}],"predecessor-version":[{"id":366,"href":"https:\/\/www.mustard-seed-faith.de\/wordpress\/wp-json\/wp\/v2\/pages\/17\/revisions\/366"}],"wp:attachment":[{"href":"https:\/\/www.mustard-seed-faith.de\/wordpress\/wp-json\/wp\/v2\/media?parent=17"}],"curies":[{"name":"wp","href":"https:\/\/api.w.org\/{rel}","templated":true}]}}